hat is the highest common divisor of 12 and 146156?
4
What is the greatest common factor of 285525 and 16450?
1175
What is the greatest common factor of 980 and 47?
1
What is the greatest common factor of 4998 and 3675?
147
What is the greatest common divisor of 415 and 1162?
83
What is the greatest common factor of 636 and 2676?
12
What is the greatest common divisor of 48 and 40696?
8
Calculate the greatest common factor of 90 and 50180.
10
Calculate the greatest common divisor of 6570 and 134247.
219
What is the highest common divisor of 5356 and 1957?
103
Calculate the highest common divisor of 16767 and 15111.
207
What is the highest common divisor of 465 and 10509?
93
What is the highest common divisor of 13472 and 128?
32
Calculate the highest common divisor of 60412 and 11.
11
What is the greatest common factor of 32 and 16658?
2
Calculate the highest common divisor of 816 and 2074.
34
What is the highest common factor of 1251252 and 36?
36
What is the highest common factor of 36 and 887364?
36
What is the highest common factor of 377912 and 24?
8
Calculate the greatest common factor of 2795 and 9685.
65
What is the highest common divisor of 28 and 8028?
4
What is the greatest common factor of 12210 and 7807?
37
Calculate the highest common divisor of 201824 and 2226.
742
Calculate the greatest common divisor of 61291 and 1.
1
What is the highest common divisor of 60558 and 6?
6
What is the highest common divisor of 15341 and 29?
29
Calculate the greatest common divisor of 228734 and 2529.
281
What is the highest common divisor of 21887 and 267225?
509
What is the greatest common factor of 15 and 2425?
5
Calculate the greatest common divisor of 2534 and 144.
2
What is the greatest common divisor of 511 and 3122?
7
Calculate the greatest common factor of 7 and 73724.
7
What is the highest common factor of 536325 and 300?
75
Calculate the greatest common factor of 6596 and 629.
17
What is the greatest common factor of 144736 and 168?
8
What is the greatest common divisor of 1107275 and 1300?
325
Calculate the highest common divisor of 1210 and 451814.
242
What is the highest common divisor of 1562 and 82502?
142
Calculate the highest common divisor of 4524 and 150852.
156
What is the greatest common divisor of 152 and 794504?
152
Calculate the highest common divisor of 411971 and 229.
229
What is the highest common divisor of 92337 and 903?
21
What is the greatest common divisor of 1557 and 1241967?
519
What is the greatest common divisor of 10344 and 138?
6
What is the greatest common factor of 53965 and 43?
43
Calculate the greatest common factor of 287 and 97006.
287
Calculate the greatest common divisor of 20851 and 8497.
29
Calculate the greatest common factor of 1110 and 250.
10
What is the highest common divisor of 2724 and 24970?
454
Calculate the greatest common factor of 1424 and 2978652.
356
What is the highest common factor of 204592 and 2128?
304
What is the greatest common divisor of 299 and 45333?
23
Calculate the highest common divisor of 1862 and 2926.
266
What is the highest common factor of 763 and 227483?
109
Calculate the highest common factor of 9330640 and 922.
922
Calculate the greatest common factor of 453240 and 1800.
360
What is the highest common factor of 10429160 and 68?
68
What is the greatest common factor of 366 and 2257?
61
What is the highest common divisor of 99 and 49368?
33
What is the greatest common divisor of 140 and 27620?
20
What is the highest common factor of 350300 and 248?
124
Calculate the highest common divisor of 57252 and 204052.
1468
What is the highest common divisor of 1353252 and 12?
12
Calculate the highest common factor of 5336 and 5888.
184
What is the greatest common divisor of 71418 and 78?
6
What is the highest common factor of 3875 and 175?
25
Calculate the greatest common factor of 105144 and 104.
104
What is the highest common factor of 26955 and 135?
45
Calculate the greatest common divisor of 38020 and 5.
5
What is the greatest common divisor of 30 and 5986185?
15
What is the greatest common divisor of 1646 and 50?
2
Calculate the highest common divisor of 39669 and 2037.
21
What is the highest common divisor of 6304 and 192?
32
What is the greatest common factor of 600 and 441400?
200
Calculate the highest common factor of 617904 and 77.
7
Calculate the greatest common factor of 6006 and 17862.
78
What is the highest common factor of 476798 and 14?
14
Calculate the highest common factor of 3968 and 8153.
31
Calculate the greatest common divisor of 14993 and 29.
29
What is the greatest common factor of 261 and 546911?
29
Calculate the greatest common factor of 295 and 162427.
59
What is the highest common divisor of 49498 and 8?
2
Calculate the highest common factor of 306 and 98481.
51
Calculate the highest common divisor of 23468 and 8.
4
Calculate the highest common divisor of 920 and 22356.
92
What is the highest common factor of 138873 and 629?
17
What is the greatest common factor of 4961 and 1276?
11
Calculate the greatest common factor of 9481 and 133.
19
Calculate the greatest common factor of 27034 and 5082.
14
Calculate the highest common factor of 30818 and 114.
38
Calculate the greatest common divisor of 62290 and 70.
10
What is the greatest common divisor of 185 and 39886?
37
What is the greatest common factor of 500 and 659500?
500
Calculate the highest common divisor of 408 and 264.
24
Calculate the greatest common divisor of 335 and 560053.
67
Calculate the highest common factor of 153 and 17208.
9
Calculate the highest common divisor of 184 and 69828.
92
Calculate the greatest common divisor of 426 and 70503.
213
Calculate the greatest common divisor of 237 and 621.
3
Calculate the highest common divisor of 54 and 2622429.
27
What is the highest common divisor of 240 and 644520?
120
What is the highest common divisor of 24 and 44052?
12
What is the highest common divisor of 10346 and 378?
14
Calculate the highest common factor of 57558 and 2014.
106
What is the greatest common factor of 48 and 1378288?
16
Calculate the highest common divisor of 7164 and 288.
36
What is the highest common divisor of 807348 and 152?
76
What is the highest common factor of 20 and 190420?
20
What is the greatest common divisor of 6986 and 42?
14
What is the greatest common factor of 72 and 11019?
3
What is the greatest common divisor of 64750 and 777?
259
What is the greatest common divisor of 9 and 47991?
3
What is the greatest common divisor of 744 and 447702?
186
What is the highest common factor of 875 and 5475575?
175
Calculate the greatest common divisor of 992 and 37169.
31
What is the greatest common factor of 88 and 76744?
8
Calculate the highest common factor of 37137 and 150.
3
What is the highest common divisor of 578 and 9452?
34
What is the highest common factor of 446 and 2?
2
What is the highest common divisor of 324 and 768?
12
Calculate the highest common divisor of 28 and 10084.
4
Calculate the greatest common divisor of 2790 and 3270.
30
Calculate the greatest common factor of 1377 and 29376.
459
What is the greatest common divisor of 567 and 561897?
567
What is the greatest common divisor of 730092 and 264?
132
Calculate the greatest common divisor of 6656 and 224.
32
What is the highest common divisor of 177021 and 1105?
221
What is the greatest common factor of 2188 and 104477?
547
Calculate the greatest common divisor of 5071 and 120321.
461
Calculate the greatest common factor of 64236 and 424.
212
What is the greatest common divisor of 85606 and 230?
46
Calculate the highest common factor of 198 and 2464638.
66
Calculate the greatest common divisor of 223707 and 99.
33
Calculate the greatest common divisor of 554717 and 565.
113
Calculate the greatest common divisor of 1034145 and 90.
45
What is the highest common factor of 214024 and 62?
62
What is the greatest common divisor of 73357 and 2834?
109
What is the highest common divisor of 1137114 and 36?
18
What is the highest common divisor of 144 and 21776?
16
What is the greatest common factor of 356 and 1735144?
356
Calculate the highest common factor of 1253 and 537.
179
Calculate the greatest common factor of 15839 and 1175.
47
Calculate the highest common divisor of 39382 and 5278.
406
What